, -5*w = -3*i - 2*i + 25. Calculate the remainder when 63 is divided by ((-5)/5)/(w/66).
19
Let x(f) = -f**3 + 7*f**2 - 3*f + 5. What is the remainder when (137 - 20/10) + 0 is divided by x(6)?
20
Let f(g) = -g**3 + 7*g**2 + 7*g - 8. Let c(j) = -5*j - 15. Let z be c(-5). Calculate the remainder when f(6) is divided by 24/z*(-15)/(-2).
16
Let n(v) = v**2 - 26*v - 86. Calculate the remainder when 34 is divided by n(30).
0
Let h be (6/(-10)*-4)/(1/5). Suppose -8*b + 140 = h. Calculate the remainder when (62/(-3))/((-1)/3) is divided by b.
14
Let d(x) = 26*x**3 + x**2 - x. Let k be d(1). Suppose 2*o - k - 6 = 0. Calculate the remainder when 62 is divided by o.
14
Let m(r) = 4*r + 2*r + 2 - 5*r. Calculate the remainder when m(4) is divided by (-69)/(-18) - (-2 - -6)/(-24).
2
Let x = -710 - -725. What is the remainder when 88 is divided by x?
13
Let v(a) = -3*a**2 + 11*a - 2. Let k be v(3). Suppose -4*m - 3*i + 78 = 2*i, 5*m = k*i + 77. Calculate the remainder when m is divided by 15.
2
Suppose -4*z + 63 = -z. What is the remainder when 263 is divided by ((-7)/z)/((-3)/477)?
51
Suppose 3*p - 4*s = -4 + 2, 4*s = -4. Calculate the remainder when 142 is divided by 36 + (0/(-3 + 5))/p.
34
Suppose -13*y - 161 = -434. Calculate the remainder when 690 is divided by y.
18
Suppose 400*r - 414*r + 392 = 0. Calculate the remainder when r is divided by 16.
12
Suppose 0 = -4*i - 4 - 0, 0 = -4*z - 5*i - 9. Let m be (-2)/z*135/6. Suppose h + 1 = m. Calculate the remainder when h is divided by 15.
14
What is the remainder when (26/(-10))/(107/(-535)) is divided by (11 - 1) + -1 + 0?
4
Suppose -5*x + 92 = -4*f, 2*f + 16 = x - 6. Suppose 6*w + 2*w = x. Calculate the remainder when w is divided by 1.
0
Let o(c) = -28*c**3 + 2*c**2 + 24*c + 17. What is the remainder when o(-3) is divided by 29?
23
Let m(k) be the first derivative of k**3/3 - 5*k**2 + 14*k - 11. What is the remainder when 54 is divided by m(10)?
12
Let c be (-200)/2 + (0 + 1)/1. Let t = c - -113. What is the remainder when 17 is divided by t?
3
Let t = -25 + 22. What is the remainder when (-52)/(-8)*(-1 + 11) is divided by 2 + (-58 - 2)/t?
21
Let u(a) = a**3 - 10*a**2 - 5*a - 47. Calculate the remainder when 53 is divided by u(11).
15
Let i = 1865 - 1860. Calculate the remainder when 46 is divided by i.
1
Let k be (-10 + 15)*(12/5 + -1). Let h(o) = o**2 + 2*o + 10. Calculate the remainder when h(k) is divided by 19.
16
Suppose 50 = s + 3. What is the remainder when 170 is divided by s?
29
Let t(s) = s**3 + 14*s**2 - 2*s - 10. Calculate the remainder when (-10)/4*(-1932)/70 is divided by t(-14).
15
Let o = 61 - 39. Suppose -w - 1 = -o. Calculate the remainder when 81 is divided by w.
18
What is the remainder when 142 is divided by (-3983)/(-189) - 4/54?
16
Let q(n) = 3*n + 17. Let a be q(-7). Let u = a + 7. What is the remainder when -25*u*(-4 - -3) is divided by 19?
18
Calculate the remainder when (-13 - -6 - -5)*(-1 + -60) is divided by 16.
10
Suppose -3*k - 3 + 12 = 0. Suppose -5*h = -42 - k. Let g(u) = u + 12. What is the remainder when h is divided by g(-9)?
0
Let s(f) = -2*f + 18. Let m be s(7). Suppose m*o + o = 335. Let k = 20 + -6. What is the remainder when o is divided by k?
11
Let n(l) = 23*l**3 - 2*l**2 + 2*l - 1. Suppose -2*t - 3*w + 170 = -4*w, 3*t - 5*w = 241. Calculate the remainder when t is divided by n(1).
21
Let k = 32 + -17. Let l = k - -5. Calculate the remainder when 608/l - 4/10 is divided by 11.
8
Suppose 0 = -4*y - 2*v + 1136, -3*y - 2*y - 3*v + 1419 = 0. Suppose 3*r = -5*w + y, 2*w = w - r + 59. What is the remainder when w is divided by 17?
3
Let u(q) = 24*q**2 + 27*q + 26. Suppose 6 = 2*o, 0 = -n + o - 6 + 3. Suppose 198 = 3*m - n*m. Calculate the remainder when m is divided by u(-1).
20
Suppose -z = 8 - 34. Calculate the remainder when 101 is divided by z.
23
Let q = -28 - -28. Suppose q = 115*i - 117*i + 58. Suppose 0*m = m - 10. What is the remainder when i is divided by m?
9
Suppose 5*t - 1238 = 5*r + 332, 0 = t - 3*r - 316. What is the remainder when t is divided by 15?
13
Let k(x) = -x**3 - 6*x**2 - x + 27. Calculate the remainder when 27 is divided by k(-5).
6
Let y(k) = -k**2 + 11*k - 20. Suppose 7 = b - 1. Calculate the remainder when 6 is divided by y(b).
2
Let m be 1*-5*(-16)/(-10). Let u = 13 + m. Suppose 3*h - 4*k = -h + 20, k = 4*h - 26. Calculate the remainder when h is divided by u.
2
Let m(z) = z**3 + 48*z**2 - 3*z - 17. Calculate the remainder when 247 is divided by m(-48).
120
Suppose a - 1 = 32. Let g = 53 - a. Calculate the remainder when 25 is divided by 130/g*1*2.
12
Suppose -3*v + 99 = -8*r + 11*r, -5*r = -5. Calculate the remainder when 634 is divided by v.
26
Suppose 3*g - 87 = 1386. Calculate the remainder when g is divided by 16.
11
Let m(n) = n**3 + 16*n**2 + 11*n - 22. Let t = 8 + -23. Suppose 0*l = 4*l - 56. Calculate the remainder when m(t) is divided by l.
10
Let y = 23 - -103. Suppose g - y = -2*g. Calculate the remainder when 46 is divided by ((-32)/(-3))/(28/g).
14
Suppose 3*l - q = -4*q + 117, 2*l - 64 = 5*q. Suppose 0 = 11*y - 13*y + 26. Calculate the remainder when l is divided by y.
11
Suppose -5*v + 20 = -v. Suppose 17*s = 20*s - 24. What is the remainder when s is divided by v + (-3 - -3) + -3?
0
Let i = -925 + 990. Calculate the remainder when 973 is divided by i.
63
Let w be -2 + 1 - (-51)/(-3). Let g = 43 - w. Suppose -5*m - 2*s + g = 0, -m + 7 + 2 = 2*s. What is the remainder when 36 is divided by m?
10
Let l = -776 + 785. What is the remainder when 349 is divided by l?
7
Let p = 12 - 13. Let r(s) = 29*s**3 + s**2 + s + 1. Let k be r(p). Let q = 59 + k. Calculate the remainder when q is divided by 17.
14
Suppose -d + 0*l = 5*l - 28, 3*l - 24 = -3*d. Let p = -23 - -25. Suppose -d*r = p*r - 60. Calculate the remainder when 23 is divided by r.
11
What is the remainder when 34 is divided by ((-6)/(1 + 5))/((-2)/40)?
14
Let i = 1455 + -1445. What is the remainder when 399 is divided by i?
9
Suppose -437 - 91 = -3*r. Let z = 340 - r. What is the remainder when 30 is divided by z/10 - (-8)/(-20)?
14
Suppose 0 = -3*s - 4*d + 243, -11*s + d = -8*s - 228. Calculate the remainder when s is divided by (1 - (-16 + -1)) + 2.
17
Let t(p) = p**3 - 27*p**2 + 6*p - 14. Calculate the remainder when t(27) is divided by 17.
12
Let f = -2 - 4. Calculate the remainder when ((-15)/f - 3)*-6 is divided by 2.
1
Let d be 2/4*6/1. Suppose 4*w + 71 + 7 = 3*q, -d*q + 75 = -3*w. Calculate the remainder when (87/3)/((-1)/(-3)) is divided by q.
21
Let n = 24 + 6. Let f(b) = b**2 - 9*b - 8. Let y be f(11). Suppose -y = -3*i - 3*k + 28, k = 4*i - 66. Calculate the remainder when n is divided by i.
14
Suppose 5*r + 2 + 3 = -5*h, -2*h - 3 = 3*r. Suppose 5*w + h*k = -2*k - 70, -w + 2*k - 2 = 0. Calculate the remainder when (-171)/(-7) - w/21 is divided by 9.
7
Suppose -j + 88 = 3*m, 11*m = 14*m + 5*j - 104. Calculate the remainder when 103 is divided by m.
19
Suppose 0 = 16*h - 11802 - 678. What is the remainder when h is divided by 87?
84
Let n = -33 - -36. Suppose -2*y - 14 = -n*y. Let j = 56 - 15. What is the remainder when j is divided by y?
13
Suppose 2*i + 373 = 3*g + 126, 0 = 2*g + 2*i - 168. Calculate the remainder when g is divided by 19.
7
Let p = 14 + 2. Calculate the remainder when 1692/p - 6/8 is divided by 26 - 2/(2 + -4).
24
Suppose -r = 4*r + 5*p - 610, -119 = -r - 2*p. Calculate the remainder when r is divided by 14.
13
Calculate the remainder when 16/24 + 0 + 1544/6 is divided by 44.
38
Suppose 32 = 4*p - 32. Calculate the remainder when 96 is divided by p.
0
Suppose 3*j = -9, 3*j + 0 + 4 = -5*c. Calculate the remainder when (2/8)/(c/68) is divided by 10.
7
Let n(p) = p**2 - 5*p - 5. Let g = -35 + 42. Calculate the remainder when n(g) is divided by 6.
3
Let i = 40 + -29. Let s = i - -4. Suppose 2*p - 45 + s = 0. What is the remainder when 57 is divided by p?
12
Let u = 2564 - 2371. Calculate the remainder when u is divided by 73.
47
Let u = 10 + -10. Suppose 2*a + 296 = 2*b, u = 4*b + 2*a - 5*a - 594. Suppose 0 = g + 4*g - b. Calculate the remainder when g is divided by 11.
8
Suppose 0 = 5*x - 2*n - 24, 1 - 3 = -x - n. Let m(c) = 5*c**2 + 2*c - 1. Calculate the remainder when m(1) is divided by x.
2
What is the remainder when (-14 - -53)/(2/6) 